 what is 2 - 3?
-1
In base 8, what is 1 + 16417?
16420
In base 3, what is 12 + -12010?
-11221
In base 2, what is -10101101011 - -101?
-10101100110
In base 6, what is 2 - -113331?
113333
In base 7, what is 154 + 11?
165
In base 16, what is -78 + 2?
-76
In base 16, what is d + -9c?
-8f
In base 9, what is -3 - 16?
-20
In base 9, what is 1150 - -3?
1153
In base 14, what is d - 1?
c
In base 15, what is 6 + -733?
-72c
In base 4, what is -200013 - 10?
-200023
In base 2, what is -10011100110000 + -1?
-10011100110001
In base 2, what is 111000 - 1000?
110000
In base 7, what is 2103 - -3?
2106
In base 3, what is -1 - -111?
110
In base 5, what is -21202 - -1?
-21201
In base 16, what is -172 + 5?
-16d
In base 6, what is 3 + -24304?
-24301
In base 13, what is 14 + 8?
1c
In base 5, what is -131 - 1?
-132
In base 4, what is -3 - -1?
-2
In base 6, what is -1441 + -11?
-1452
In base 13, what is 3 + 4c?
52
In base 11, what is -a8 + 3?
-a5
In base 2, what is -11011 - -101?
-10110
In base 5, what is 34331 - -3?
34334
In base 2, what is 110000111 - 11?
110000100
In base 5, what is -20103 + 10?
-20043
In base 2, what is 110 - -10000?
10110
In base 12, what is -3 + -405?
-408
In base 5, what is 22 - -20103?
20130
In base 11, what is 6 - -425?
430
In base 11, what is 5 + 291?
296
In base 13, what is 22 - -36a?
38c
In base 6, what is -4130 + 4?
-4122
In base 2, what is -11100011 + -101?
-11101000
In base 14, what is 1861 + -2?
185d
In base 10, what is -3 + -94?
-97
In base 16, what is -6 + -1a?
-20
In base 4, what is -33 + -1111?
-1210
In base 4, what is -13 - 22?
-101
In base 10, what is 68 - 27?
41
In base 4, what is -20323 - 122?
-21111
In base 16, what is 5 + -31?
-2c
In base 3, what is -1102021 - 21?
-1102112
In base 3, what is 10 - 11120?
-11110
In base 7, what is 3 - 66?
-63
In base 6, what is -11321 - 4?
-11325
In base 8, what is -4 - -35?
31
In base 2, what is -1000100000100 - 11?
-1000100000111
In base 4, what is 2 - 1330?
-1322
In base 10, what is 2963 - -2?
2965
In base 10, what is 529 + -5?
524
In base 8, what is 63 - -10?
73
In base 5, what is -222411 - 4?
-222420
In base 13, what is -4 + -90?
-94
In base 16, what is 5 + d?
12
In base 3, what is -110201 - -11?
-110120
In base 13, what is 898 + 1?
899
In base 15, what is -2 + -2dd?
-2e0
In base 5, what is 1 + -132?
-131
In base 3, what is -11111201 - -2?
-11111122
In base 13, what is -b2 - 3a?
-11c
In base 9, what is -4 - -327?
323
In base 3, what is -202 + -112?
-1021
In base 6, what is 3 + 1032?
1035
In base 9, what is 106 - 4?
102
In base 3, what is -1120 + 111?
-1002
In base 15, what is -5 + -c?
-12
In base 8, what is 45 + -23?
22
In base 6, what is 13 - -22?
35
In base 4, what is 22 + 11122?
11210
In base 3, what is -221200 + 0?
-221200
In base 9, what is 1563 - -1?
1564
In base 13, what is 4b - 10?
3b
In base 7, what is -1 + -226?
-230
In base 9, what is -25 + 2?
-23
In base 10, what is -2 + 1141?
1139
In base 5, what is -10 - -32?
22
In base 9, what is 3 - 1040?
-1036
In base 11, what is 5 - 392?
-388
In base 16, what is -3 + -163?
-166
In base 16, what is -4 + -3f?
-43
In base 9, what is -181 + -5?
-186
In base 16, what is -20 - -4?
-1c
In base 3, what is 1 + -21222?
-21221
In base 11, what is 0 + -5036?
-5036
In base 16, what is 25 - 3e?
-19
In base 10, what is -32359 + 3?
-32356
In base 3, what is -21 - 11?
-102
In base 9, what is 2 - -6581?
6583
In base 14, what is -2475 + 3?
-2472
In base 15, what is -756 + -2?
-758
In base 9, what is -1 - 680?
-681
In base 8, what is -15 + -1163?
-1200
In base 2, what is 100 - -1111100?
10000000
In base 7, what is 1242 + 0?
1242
In base 16, what is 11d - 7?
116
In base 6, what is -245 + 1?
-244
In base 5, what is 22210 + -20?
22140
In base 13, what is -2 + 902?
900
In base 6, what is -101142 + 0?
-101142
In base 6, what is -1024 + -1?
-1025
In base 7, what is 1001 - -1?
1002
In base 3, what is -110 - -2?
-101
In base 10, what is 1 + 128?
129
In base 16, what is 157 + 5?
15c
In base 8, what is -5 - 46?
-53
In base 10, what is 34 - 98?
-64
In base 15, what is 44 - 9?
3a
In base 2, what is 10 - -1100110?
1101000
In base 7, what is 5 - 5635?
-5630
In base 6, what is -4 + -54?
-102
In base 5, what is 0 + 1340?
1340
In base 14, what is 404 - 3?
401
In base 15, what is -11 + 360?
34e
In base 9, what is 114 - 3?
111
In base 13, what is -9 + 943?
937
In base 9, what is -3 + -3156?
-3160
In base 6, what is 5 + 215?
224
In base 13, what is 2c + -75?
-46
In base 12, what is 3 + -510?
-509
In base 11, what is -a + -78?
-87
In base 15, what is 19b3 - 5?
19ad
In base 11, what is 1 + 17?
18
In base 4, what is -22 + -3201?
-3223
In base 8, what is 5 - -71?
76
In base 2, what is 10000011111011 + 10?
10000011111101
In base 12, what is -3 - 154?
-157
In base 7, what is 2 - -102?
104
In base 4, what is 2 - -22130?
22132
In base 6, what is -1001 - 1?
-1002
In base 12, what is -1 - 3b3?
-3b4
In base 12, what is -108 - -3?
-105
In base 4, what is 10 - -100222?
100232
In base 15, what is -157 + 4?
-153
In base 3, what is 20001 + -20?
12211
In base 10, what is 383 - 2?
381
In base 8, what is -4 - -115?
111
In base 2, what is -101 - 100100011?
-100101000
In base 3, what is 1011 - 1201?
-120
In base 13, what is -4 - -4a?
46
In base 6, what is -5 - 41?
-50
In base 9, what is -3747 - -3?
-3744
In base 2, what is 11 - -110101?
111000
In base 9, what is -83 - 8?
-102
In base 9, what is 18571 + 0?
18571
In base 14, what is b - 28?
-1b
In base 2, what is 10001 + -10010011100?
-10010001011
In base 8, what is 2 + -1040?
-1036
In base 8, what is 0 - 74?
-74
In base 15, what is -b + 6?
-5
In base 6, what is -5 - -4102?
4053
In base 11, what is 87 + 20?
a7
In base 11, what is -91 + 1?
-90
In base 14, what is -2 + 6dc?
6da
In base 11, what is 6a2 - 1?
6a1
In base 15, what is -3 - -679?
676
In base 7, what is 211 + 26?
240
In base 15, what is 31a + -1c?
2ed
In base 7, what is -16 - 13?
-32
In base 8, what is 65 + 13?
100
In base 8, what is -5 - -174?
167
In base 15, what is -5 + -182?
-187
In base 15, what is -5d + -2?
-60
In base 9, what is -6 + 123?
116
In base 14, what is -30 + 1?
-2d
In base 3, what is 1120002201 - 0?
1120002201
In base 15, what is 5b + -5?
56
In base 13, what is 31 + -41?
-10
In base 9, what is 3380 - 2?
3377
In base 14, what is -21 - 15?
-36
In base 8, what is 27 + 16?
45
In base 3, what is -1111 + 111?
-1000
In base 4, what is 1 + -102?
-101
In base 12, what is -3 - -1b3?
1b0
In base 5, what is -103 + 44?
-4
In base 7, what is 0 + 0?
0
In base 16, what is -10 + -1a?
-2a
In base 15, what is 342 + 4?
346
In base 16, what is -1 - -493?
492
In base 8, what is 72367 - -2?
72371
In base 6, what is 3 + -100?
-53
In base 11, what is -3 + -780?
-783
In base 5, what is -121024 + 10?
-121014
In base 13, what is -5 + -85?
-8a
In base 10, what is -47 - -27?
-20
In base 14, what is 0 - -b4?
b4
In base 3, what is -21010 + 12?
-20221
In base 14, what is 5 + -3?
2
In base 7, what is -2040 + 1?
-2036
In base 4, what is 1 + -11233?
-11232
In base 9, what is -3426 + 0?
-3426
In base 16, what is -ab + 34?
-77
In base 11, what is -4 + -414?
-418
In base 11, what is -5 - 519?
-523
In base 11, what is -49 - 78?
-116
In base 12, what is -6 + -8?
-12
In base 8, what is -23 + -71?
-114
In base 3, what is -101210 + 21?
-101112
In base 4, what is 11 - -23?
100
In base 14, what is -101 - 35?
-136
In base 15, what is -3d - 8?
-46
In base 16, what is 1f - 1d?
2
In base 15, what is 1a + -11?
9
In base 14, what is 1 + -50?
-4d
In base 7, what is 130 - -246?
406
In base 16, what is c + -4f5?
-4e9
In base 2, what is 101 + -11001111?
-11001010
In base 3, what is -1221 - 2?
-2000
In base 8, what is 14 - -53?
67
In base 13, what is 41 + 3?
44
In base 10, what is 5 - -75?
80
In base 15, what is 3a - -3?
3d
In base 10, what is 10190 - 4?
10186
In base 7, what is -1440 + 0?
-1440
In base 8, what is -263 + -1?
-264
In base 3, what is 1 - 21202012?
-21202011
In base 2, what is -111011110 + 10?
-111011100
In base 5, what is 2314 - 300?
2014
In base 7, what is -3 - 165?
-201
In base 6, what is 20201 + 3?
20204
In base 11, what is 3 + 816?
819
In base 3, what is 2001200 + -10?
2001120
In base 13, what is -a64 - 1?
-a65
In base 15, what is -1 + 6?
5
In base 10, what is 5 + -25?
-20
In base 8, what is 701 - -1?
702
In b